{"id":209,"date":"2021-04-29T16:17:56","date_gmt":"2021-04-29T16:17:56","guid":{"rendered":"https:\/\/fundacionvinculo.cl\/sitio\/?page_id=209"},"modified":"2021-06-10T12:06:53","modified_gmt":"2021-06-10T16:06:53","slug":"capsulas-y-videos","status":"publish","type":"page","link":"https:\/\/fundacionvinculo.cl\/sitio\/capsulas-y-videos\/","title":{"rendered":"C\u00e1psulas y Videos"},"content":{"rendered":"<p>[et_pb_section fb_built=\u00bb1&#8243; admin_label=\u00bbAbout Me\u00bb _builder_version=\u00bb4.7.4&#8243; background_image=\u00bbhttps:\/\/fundacionvinculo.cl\/sitio\/wp-content\/uploads\/2021\/04\/fondo-nubes-damasco.jpg\u00bb background_position=\u00bbtop_center\u00bb transform_scale=\u00bb98%|98%\u00bb custom_margin=\u00bb0px|0px|0px|0px|false|false\u00bb custom_padding=\u00bb0px||172px|0px|false|false\u00bb da_disable_devices=\u00bboff|off|off\u00bb da_is_popup=\u00bboff\u00bb da_exit_intent=\u00bboff\u00bb da_has_close=\u00bbon\u00bb da_alt_close=\u00bboff\u00bb da_dark_close=\u00bboff\u00bb da_not_modal=\u00bbon\u00bb da_is_singular=\u00bboff\u00bb da_with_loader=\u00bboff\u00bb da_has_shadow=\u00bbon\u00bb][et_pb_row custom_padding_last_edited=\u00bboff|phone\u00bb padding_top_bottom_link_1=\u00bbtrue\u00bb padding_left_right_link_1=\u00bbtrue\u00bb _builder_version=\u00bb4.7.4&#8243; background_position=\u00bbbottom_center\u00bb max_width=\u00bb80%\u00bb custom_margin=\u00bb||||false|false\u00bb custom_padding=\u00bb0px||8px|||\u00bb custom_padding_tablet=\u00bb17vw||17vw||false\u00bb use_custom_width=\u00bbon\u00bb width_unit=\u00bboff\u00bb custom_width_percent=\u00bb100%\u00bb][et_pb_column type=\u00bb4_4&#8243; _builder_version=\u00bb3.25&#8243; custom_padding=\u00bb|||\u00bb custom_padding_tablet=\u00bb60px||60px||true\u00bb custom_padding_phone=\u00bb40px||40px||true\u00bb custom_padding_last_edited=\u00bboff|phone\u00bb custom_padding__hover=\u00bb|||\u00bb][et_pb_text _builder_version=\u00bb4.9.4&#8243; _module_preset=\u00bbdefault\u00bb header_text_align=\u00bbcenter\u00bb header_2_font=\u00bbDelius||||||||\u00bb header_2_text_align=\u00bbcenter\u00bb header_2_text_color=\u00bb#242424&#8243; header_2_font_size=\u00bb80px\u00bb header_3_font=\u00bbGloria Hallelujah|300|||||||\u00bb header_3_text_color=\u00bb#ffffff\u00bb header_3_font_size=\u00bb86px\u00bb header_3_line_height=\u00bb1.2em\u00bb custom_margin=\u00bb||1px|||\u00bb custom_margin_tablet=\u00bb\u00bb custom_margin_phone=\u00bb\u00bb custom_margin_last_edited=\u00bbon|phone\u00bb custom_padding=\u00bb110px||40px||false|false\u00bb custom_padding_tablet=\u00bb50px||33px||false|false\u00bb custom_padding_phone=\u00bb30px||30px||false|false\u00bb custom_padding_last_edited=\u00bbon|desktop\u00bb hover_enabled=\u00bb0&#8243; header_2_font_size_tablet=\u00bb50px\u00bb header_2_font_size_phone=\u00bb36px\u00bb header_2_font_size_last_edited=\u00bbon|desktop\u00bb header_2_text_shadow_style=\u00bbpreset2&#8243; header_2_text_shadow_blur_strength=\u00bb0.2em\u00bb header_2_text_shadow_color=\u00bbrgba(0,0,0,0.22)\u00bb header_3_text_shadow_style=\u00bbpreset1&#8243; header_3_text_shadow_color=\u00bbrgba(0,0,0,0.25)\u00bb header_font=\u00bbDelius||||||||\u00bb header_font_size_last_edited=\u00bbon|phone\u00bb header_font_size=\u00bb75px\u00bb sticky_enabled=\u00bb0&#8243; header_font_size_tablet=\u00bb50px\u00bb header_font_size_phone=\u00bb36px\u00bb header_line_height_last_edited=\u00bbon|phone\u00bb header_line_height_phone=\u00bb1.3em\u00bb]<\/p>\n<h1 style=\"text-align: center;\"><strong>C\u00e1psulas y Videos<\/strong><\/h1>\n<p>[\/et_pb_text][\/et_pb_column][\/et_pb_row][et_pb_row _builder_version=\u00bb3.25&#8243; custom_padding=\u00bb0px||64px|||\u00bb locked=\u00bboff\u00bb][et_pb_column type=\u00bb4_4&#8243; _builder_version=\u00bb3.25&#8243; custom_padding=\u00bb|||\u00bb custom_padding__hover=\u00bb|||\u00bb][et_pb_text _builder_version=\u00bb4.9.4&#8243; text_font=\u00bb||||||||\u00bb text_text_color=\u00bb#000000&#8243; text_font_size=\u00bb22px\u00bb text_line_height=\u00bb2em\u00bb header_font=\u00bb||||||||\u00bb transform_scale_linked=\u00bboff\u00bb transform_translate_linked=\u00bboff\u00bb width=\u00bb100%\u00bb width_tablet=\u00bb100%\u00bb width_phone=\u00bb\u00bb width_last_edited=\u00bbon|desktop\u00bb module_alignment=\u00bbleft\u00bb custom_margin=\u00bb|-41px||||\u00bb custom_padding=\u00bb3px|0px||0px|false|false\u00bb animation_style=\u00bbfade\u00bb text_font_size_tablet=\u00bb\u00bb text_font_size_phone=\u00bb18px\u00bb text_font_size_last_edited=\u00bbon|desktop\u00bb text_line_height_tablet=\u00bb\u00bb text_line_height_phone=\u00bb1.7em\u00bb text_line_height_last_edited=\u00bbon|phone\u00bb]<\/p>\n<p>A lo largo de la vida de la Fundaci\u00f3n y del recorrido de Trini y del P.Juan Pablo como formadores de personas, hemos ido reuniendo diferentes c\u00e1psulas y videos cortos que pueden descargarse como contenido. Muchas de ellas son relativas a libros de espiritualidad y tambi\u00e9n algunas promociones de lanzamientos y charlas que hemos realizado.<\/p>\n<p>Las m\u00e1s destacadas son las c\u00e1psulas de \u201cUna fe que encanta y aunque duela no espanta\u201d donde se abordan diferentes tem\u00e1ticas como los sacramentos, la Virgen Mar\u00eda, los sacerdotes o la misma crisis eclesial, dando siempre una mirada constructiva, libre y de esperanza.<\/p>\n<p>[\/et_pb_text][\/et_pb_column][\/et_pb_row][et_pb_row _builder_version=\u00bb4.7.4&#8243; _module_preset=\u00bbdefault\u00bb background_enable_color=\u00bboff\u00bb border_radii=\u00bbon|20px|20px|20px|20px\u00bb][et_pb_column type=\u00bb4_4&#8243; _builder_version=\u00bb4.7.4&#8243; _module_preset=\u00bbdefault\u00bb][et_pb_text _builder_version=\u00bb4.7.4&#8243; _module_preset=\u00bbdefault\u00bb header_2_text_align=\u00bbcenter\u00bb custom_margin=\u00bb||1px||false|false\u00bb custom_padding=\u00bb0px||0px||false|false\u00bb]<\/p>\n<h2>Una Fe que encanta<\/h2>\n<p>[\/et_pb_text][et_pb_video src=\u00bbhttps:\/\/www.youtube.com\/watch?v=KOuAqOzkjcc&#038;t=5s\u00bb _builder_version=\u00bb4.7.4&#8243; _module_preset=\u00bbdefault\u00bb transform_scale=\u00bb90%|90%\u00bb scroll_scaling_enable=\u00bbon\u00bb border_radii=\u00bbon|20px|20px|20px|20px\u00bb][\/et_pb_video][\/et_pb_column][\/et_pb_row][et_pb_row _builder_version=\u00bb4.7.4&#8243; _module_preset=\u00bbdefault\u00bb background_enable_color=\u00bboff\u00bb border_radii=\u00bbon|20px|20px|20px|20px\u00bb][et_pb_column type=\u00bb4_4&#8243; _builder_version=\u00bb4.7.4&#8243; _module_preset=\u00bbdefault\u00bb][et_pb_text _builder_version=\u00bb4.7.4&#8243; _module_preset=\u00bbdefault\u00bb header_2_text_align=\u00bbcenter\u00bb custom_margin=\u00bb||1px||false|false\u00bb custom_padding=\u00bb0px||0px||false|false\u00bb]<\/p>\n<h2>La M\u00edstica del Bamb\u00fa<\/h2>\n<p>[\/et_pb_text][et_pb_video src=\u00bbhttps:\/\/www.youtube.com\/watch?v=MljsFs9km8I&#038;t=6s\u00bb _builder_version=\u00bb4.7.4&#8243; _module_preset=\u00bbdefault\u00bb transform_scale=\u00bb90%|90%\u00bb scroll_scaling_enable=\u00bbon\u00bb border_radii=\u00bbon|20px|20px|20px|20px\u00bb][\/et_pb_video][\/et_pb_column][\/et_pb_row][et_pb_row _builder_version=\u00bb4.7.4&#8243; _module_preset=\u00bbdefault\u00bb background_enable_color=\u00bboff\u00bb border_radii=\u00bbon|20px|20px|20px|20px\u00bb][et_pb_column type=\u00bb4_4&#8243; _builder_version=\u00bb4.7.4&#8243; _module_preset=\u00bbdefault\u00bb][et_pb_text _builder_version=\u00bb4.7.4&#8243; _module_preset=\u00bbdefault\u00bb header_2_text_align=\u00bbcenter\u00bb custom_margin=\u00bb||1px||false|false\u00bb custom_padding=\u00bb0px||0px||false|false\u00bb]<\/p>\n<h2>Un Cuento de Trinuka<\/h2>\n<p>[\/et_pb_text][et_pb_video src=\u00bbhttps:\/\/www.youtube.com\/watch?v=-c_oNiqtojE\u00bb _builder_version=\u00bb4.7.4&#8243; _module_preset=\u00bbdefault\u00bb transform_scale=\u00bb90%|90%\u00bb scroll_scaling_enable=\u00bbon\u00bb border_radii=\u00bbon|20px|20px|20px|20px\u00bb][\/et_pb_video][\/et_pb_column][\/et_pb_row][et_pb_row _builder_version=\u00bb4.7.4&#8243; _module_preset=\u00bbdefault\u00bb background_enable_color=\u00bboff\u00bb border_radii=\u00bbon|20px|20px|20px|20px\u00bb][et_pb_column type=\u00bb4_4&#8243; _builder_version=\u00bb4.7.4&#8243; _module_preset=\u00bbdefault\u00bb][et_pb_text _builder_version=\u00bb4.7.4&#8243; _module_preset=\u00bbdefault\u00bb header_2_text_align=\u00bbcenter\u00bb custom_margin=\u00bb||1px||false|false\u00bb custom_padding=\u00bb0px||0px||false|false\u00bb]<\/p>\n<h2>Conferencia Senda 2019<\/h2>\n<p>[\/et_pb_text][et_pb_video src=\u00bbhttps:\/\/www.youtube.com\/watch?v=Bbb_GbF8Cg8&#8243; _builder_version=\u00bb4.7.4&#8243; _module_preset=\u00bbdefault\u00bb transform_scale=\u00bb90%|90%\u00bb scroll_scaling_enable=\u00bbon\u00bb border_radii=\u00bbon|20px|20px|20px|20px\u00bb][\/et_pb_video][\/et_pb_column][\/et_pb_row][\/et_pb_section]<\/p>\n","protected":false},"excerpt":{"rendered":"<p>C\u00e1psulas y VideosA lo largo de la vida de la Fundaci\u00f3n y del recorrido de Trini y del P.Juan Pablo como formadores de personas, hemos ido reuniendo diferentes c\u00e1psulas y videos cortos que pueden descargarse como contenido. Muchas de ellas son relativas a libros de espiritualidad y tambi\u00e9n algunas promociones de lanzamientos y charlas que [&hellip;]<\/p>\n","protected":false},"author":3,"featured_media":0,"parent":0,"menu_order":0,"comment_status":"closed","ping_status":"closed","template":"","meta":{"_et_pb_use_builder":"on","_et_pb_old_content":"<!-- wp:divi\/placeholder \/-->","_et_gb_content_width":"","_vp_format_video_url":"","_vp_image_focal_point":[],"_joinchat":[],"footnotes":""},"class_list":["post-209","page","type-page","status-publish","hentry"],"_links":{"self":[{"href":"https:\/\/fundacionvinculo.cl\/sitio\/wp-json\/wp\/v2\/pages\/209","targetHints":{"allow":["GET"]}}],"collection":[{"href":"https:\/\/fundacionvinculo.cl\/sitio\/wp-json\/wp\/v2\/pages"}],"about":[{"href":"https:\/\/fundacionvinculo.cl\/sitio\/wp-json\/wp\/v2\/types\/page"}],"author":[{"embeddable":true,"href":"https:\/\/fundacionvinculo.cl\/sitio\/wp-json\/wp\/v2\/users\/3"}],"replies":[{"embeddable":true,"href":"https:\/\/fundacionvinculo.cl\/sitio\/wp-json\/wp\/v2\/comments?post=209"}],"version-history":[{"count":0,"href":"https:\/\/fundacionvinculo.cl\/sitio\/wp-json\/wp\/v2\/pages\/209\/revisions"}],"wp:attachment":[{"href":"https:\/\/fundacionvinculo.cl\/sitio\/wp-json\/wp\/v2\/media?parent=209"}],"curies":[{"name":"wp","href":"https:\/\/api.w.org\/{rel}","templated":true}]}}

Cápsulas y Videos

<p>[et_pb_section fb_built=»1&#8243; admin_label=»About Me» _builder_version=»4.7.4&#8243; background_image=»https://fundacionvinculo.cl/sitio/wp-content/uploads/2021/04/fondo-nubes-damasco.jpg» background_position=»top_center» transform_scale=»98%|98%» custom_margin=»0px|0px|0px|0px|false|false» custom_padding=»0px||172px|0px|false|false» da_disable_devices=»off|off|off» da_is_popup=»off» da_exit_intent=»off» da_has_close=»on» da_alt_close=»off» da_dark_close=»off» da_not_modal=»on» da_is_singular=»off» da_with_loader=»off» da_has_shadow=»on»][et_pb_row custom_padding_last_edited=»off|phone» padding_top_bottom_link_1=»true» padding_left_right_link_1=»true» _builder_version=»4.7.4&#8243; background_position=»bottom_center» max_width=»80%» custom_margin=»||||false|false» custom_padding=»0px||8px|||» custom_padding_tablet=»17vw||17vw||false» use_custom_width=»on» width_unit=»off» custom_width_percent=»100%»][et_pb_column type=»4_4&#8243; _builder_version=»3.25&#8243; custom_padding=»|||» custom_padding_tablet=»60px||60px||true» custom_padding_phone=»40px||40px||true» custom_padding_last_edited=»off|phone» custom_padding__hover=»|||»][et_pb_text _builder_version=»4.9.4&#8243; _module_preset=»default» header_text_align=»center» header_2_font=»Delius||||||||» header_2_text_align=»center» header_2_text_color=»#242424&#8243; header_2_font_size=»80px» header_3_font=»Gloria Hallelujah|300|||||||» header_3_text_color=»#ffffff» header_3_font_size=»86px» header_3_line_height=»1.2em» custom_margin=»||1px|||» custom_margin_tablet=»» custom_margin_phone=»» custom_margin_last_edited=»on|phone» custom_padding=»110px||40px||false|false» custom_padding_tablet=»50px||33px||false|false» custom_padding_phone=»30px||30px||false|false» custom_padding_last_edited=»on|desktop» hover_enabled=»0&#8243; header_2_font_size_tablet=»50px» header_2_font_size_phone=»36px» header_2_font_size_last_edited=»on|desktop» header_2_text_shadow_style=»preset2&#8243; header_2_text_shadow_blur_strength=»0.2em» header_2_text_shadow_color=»rgba(0,0,0,0.22)» header_3_text_shadow_style=»preset1&#8243; header_3_text_shadow_color=»rgba(0,0,0,0.25)» header_font=»Delius||||||||» header_font_size_last_edited=»on|phone» header_font_size=»75px» sticky_enabled=»0&#8243; header_font_size_tablet=»50px» header_font_size_phone=»36px» header_line_height_last_edited=»on|phone» header_line_height_phone=»1.3em»]</p>
<h1 style="text-align: center;"><strong>Cápsulas y Videos</strong></h1>
<p>[/et_pb_text][/et_pb_column][/et_pb_row][et_pb_row _builder_version=»3.25&#8243; custom_padding=»0px||64px|||» locked=»off»][et_pb_column type=»4_4&#8243; _builder_version=»3.25&#8243; custom_padding=»|||» custom_padding__hover=»|||»][et_pb_text _builder_version=»4.9.4&#8243; text_font=»||||||||» text_text_color=»#000000&#8243; text_font_size=»22px» text_line_height=»2em» header_font=»||||||||» transform_scale_linked=»off» transform_translate_linked=»off» width=»100%» width_tablet=»100%» width_phone=»» width_last_edited=»on|desktop» module_alignment=»left» custom_margin=»|-41px||||» custom_padding=»3px|0px||0px|false|false» animation_style=»fade» text_font_size_tablet=»» text_font_size_phone=»18px» text_font_size_last_edited=»on|desktop» text_line_height_tablet=»» text_line_height_phone=»1.7em» text_line_height_last_edited=»on|phone»]</p>
<p>A lo largo de la vida de la Fundación y del recorrido de Trini y del P.Juan Pablo como formadores de personas, hemos ido reuniendo diferentes cápsulas y videos cortos que pueden descargarse como contenido. Muchas de ellas son relativas a libros de espiritualidad y también algunas promociones de lanzamientos y charlas que hemos realizado.</p>
<p>Las más destacadas son las cápsulas de “Una fe que encanta y aunque duela no espanta” donde se abordan diferentes temáticas como los sacramentos, la Virgen María, los sacerdotes o la misma crisis eclesial, dando siempre una mirada constructiva, libre y de esperanza.</p>
<p>[/et_pb_text][/et_pb_column][/et_pb_row][et_pb_row _builder_version=»4.7.4&#8243; _module_preset=»default» background_enable_color=»off» border_radii=»on|20px|20px|20px|20px»][et_pb_column type=»4_4&#8243; _builder_version=»4.7.4&#8243; _module_preset=»default»][et_pb_text _builder_version=»4.7.4&#8243; _module_preset=»default» header_2_text_align=»center» custom_margin=»||1px||false|false» custom_padding=»0px||0px||false|false»]</p>
<h2>Una Fe que encanta</h2>
<p>[/et_pb_text][et_pb_video src=»https://www.youtube.com/watch?v=KOuAqOzkjcc&#038;t=5s» _builder_version=»4.7.4&#8243; _module_preset=»default» transform_scale=»90%|90%» scroll_scaling_enable=»on» border_radii=»on|20px|20px|20px|20px»][/et_pb_video][/et_pb_column][/et_pb_row][et_pb_row _builder_version=»4.7.4&#8243; _module_preset=»default» background_enable_color=»off» border_radii=»on|20px|20px|20px|20px»][et_pb_column type=»4_4&#8243; _builder_version=»4.7.4&#8243; _module_preset=»default»][et_pb_text _builder_version=»4.7.4&#8243; _module_preset=»default» header_2_text_align=»center» custom_margin=»||1px||false|false» custom_padding=»0px||0px||false|false»]</p>
<h2>La Mística del Bambú</h2>
<p>[/et_pb_text][et_pb_video src=»https://www.youtube.com/watch?v=MljsFs9km8I&#038;t=6s» _builder_version=»4.7.4&#8243; _module_preset=»default» transform_scale=»90%|90%» scroll_scaling_enable=»on» border_radii=»on|20px|20px|20px|20px»][/et_pb_video][/et_pb_column][/et_pb_row][et_pb_row _builder_version=»4.7.4&#8243; _module_preset=»default» background_enable_color=»off» border_radii=»on|20px|20px|20px|20px»][et_pb_column type=»4_4&#8243; _builder_version=»4.7.4&#8243; _module_preset=»default»][et_pb_text _builder_version=»4.7.4&#8243; _module_preset=»default» header_2_text_align=»center» custom_margin=»||1px||false|false» custom_padding=»0px||0px||false|false»]</p>
<h2>Un Cuento de Trinuka</h2>
<p>[/et_pb_text][et_pb_video src=»https://www.youtube.com/watch?v=-c_oNiqtojE» _builder_version=»4.7.4&#8243; _module_preset=»default» transform_scale=»90%|90%» scroll_scaling_enable=»on» border_radii=»on|20px|20px|20px|20px»][/et_pb_video][/et_pb_column][/et_pb_row][et_pb_row _builder_version=»4.7.4&#8243; _module_preset=»default» background_enable_color=»off» border_radii=»on|20px|20px|20px|20px»][et_pb_column type=»4_4&#8243; _builder_version=»4.7.4&#8243; _module_preset=»default»][et_pb_text _builder_version=»4.7.4&#8243; _module_preset=»default» header_2_text_align=»center» custom_margin=»||1px||false|false» custom_padding=»0px||0px||false|false»]</p>
<h2>Conferencia Senda 2019</h2>
<p>[/et_pb_text][et_pb_video src=»https://www.youtube.com/watch?v=Bbb_GbF8Cg8&#8243; _builder_version=»4.7.4&#8243; _module_preset=»default» transform_scale=»90%|90%» scroll_scaling_enable=»on» border_radii=»on|20px|20px|20px|20px»][/et_pb_video][/et_pb_column][/et_pb_row][/et_pb_section]</p>

<p>Cápsulas y VideosA lo largo de la vida de la Fundación y del recorrido de Trini y del P.Juan Pablo como formadores de personas, hemos ido reuniendo diferentes cápsulas y videos cortos que pueden descargarse como contenido. Muchas de ellas son relativas a libros de espiritualidad y también algunas promociones de lanzamientos y charlas que [&hellip;]</p>
