{"id":147,"date":"2021-04-29T15:58:17","date_gmt":"2021-04-29T15:58:17","guid":{"rendered":"https:\/\/fundacionvinculo.cl\/sitio\/?page_id=147"},"modified":"2021-06-09T17:52:35","modified_gmt":"2021-06-09T21:52:35","slug":"fundadores","status":"publish","type":"page","link":"https:\/\/fundacionvinculo.cl\/sitio\/fundadores\/","title":{"rendered":"Fundadores"},"content":{"rendered":"<p>[et_pb_section fb_built=\u00bb1&#8243; admin_label=\u00bbAbout Me\u00bb _builder_version=\u00bb4.7.4&#8243; background_image=\u00bbhttps:\/\/fundacionvinculo.cl\/sitio\/wp-content\/uploads\/2021\/04\/fondo-nubes-damasco.jpg\u00bb background_position=\u00bbtop_center\u00bb transform_scale=\u00bb98%|98%\u00bb custom_margin=\u00bb0px|0px|0px|0px|false|false\u00bb custom_padding=\u00bb0px|||0px|false|false\u00bb da_is_popup=\u00bboff\u00bb da_exit_intent=\u00bboff\u00bb da_has_close=\u00bbon\u00bb da_alt_close=\u00bboff\u00bb da_dark_close=\u00bboff\u00bb da_not_modal=\u00bbon\u00bb da_is_singular=\u00bboff\u00bb da_with_loader=\u00bboff\u00bb da_has_shadow=\u00bbon\u00bb da_disable_devices=\u00bboff|off|off\u00bb][et_pb_row custom_padding_last_edited=\u00bboff|phone\u00bb padding_top_bottom_link_1=\u00bbtrue\u00bb padding_left_right_link_1=\u00bbtrue\u00bb _builder_version=\u00bb4.7.4&#8243; background_position=\u00bbbottom_center\u00bb max_width=\u00bb80%\u00bb custom_margin=\u00bb||||false|false\u00bb custom_padding=\u00bb0px||8px|||\u00bb custom_padding_tablet=\u00bb17vw||17vw||false\u00bb use_custom_width=\u00bbon\u00bb width_unit=\u00bboff\u00bb custom_width_percent=\u00bb100%\u00bb][et_pb_column type=\u00bb4_4&#8243; _builder_version=\u00bb3.25&#8243; custom_padding=\u00bb|||\u00bb custom_padding_tablet=\u00bb60px||60px||true\u00bb custom_padding_phone=\u00bb40px||40px||true\u00bb custom_padding_last_edited=\u00bboff|phone\u00bb custom_padding__hover=\u00bb|||\u00bb][et_pb_text _builder_version=\u00bb4.9.4&#8243; _module_preset=\u00bbdefault\u00bb header_text_align=\u00bbcenter\u00bb header_2_font=\u00bbDelius||||||||\u00bb header_2_text_align=\u00bbcenter\u00bb header_2_text_color=\u00bb#242424&#8243; header_2_font_size=\u00bb4vw\u00bb header_3_font=\u00bbGloria Hallelujah|300|||||||\u00bb header_3_text_color=\u00bb#ffffff\u00bb header_3_font_size=\u00bb86px\u00bb header_3_line_height=\u00bb1.2em\u00bb custom_margin=\u00bb||1px|||\u00bb custom_padding=\u00bb78px||39px||false|false\u00bb hover_enabled=\u00bb0&#8243; header_2_text_shadow_style=\u00bbpreset2&#8243; header_2_text_shadow_blur_strength=\u00bb0.2em\u00bb header_2_text_shadow_color=\u00bbrgba(0,0,0,0.22)\u00bb header_3_text_shadow_style=\u00bbpreset1&#8243; header_3_text_shadow_color=\u00bbrgba(0,0,0,0.25)\u00bb header_font=\u00bbDelius||||||||\u00bb header_font_last_edited=\u00bbon|desktop\u00bb header_font_size_last_edited=\u00bbon|phone\u00bb header_line_height_last_edited=\u00bbon|desktop\u00bb header_font_size=\u00bb80px\u00bb sticky_enabled=\u00bb0&#8243; header_font_size_tablet=\u00bb50px\u00bb header_font_size_phone=\u00bb36px\u00bb custom_padding_last_edited=\u00bbon|tablet\u00bb custom_margin_last_edited=\u00bbon|phone\u00bb custom_padding_phone=\u00bb20px||10px||false|false\u00bb custom_padding_tablet=\u00bb40px||20px||false|false\u00bb custom_margin_tablet=\u00bb||0px||false|false\u00bb]<\/p>\n<h1 style=\"text-align: center;\"><strong>Fundadores<\/strong><\/h1>\n<p>[\/et_pb_text][\/et_pb_column][\/et_pb_row][et_pb_row _builder_version=\u00bb3.25&#8243; custom_padding=\u00bb0px||64px|||\u00bb locked=\u00bboff\u00bb][et_pb_column type=\u00bb4_4&#8243; _builder_version=\u00bb3.25&#8243; custom_padding=\u00bb|||\u00bb custom_padding__hover=\u00bb|||\u00bb][et_pb_image src=\u00bbhttps:\/\/fundacionvinculo.cl\/sitio\/wp-content\/uploads\/2021\/05\/fundadores.png\u00bb title_text=\u00bbfundadores\u00bb show_in_lightbox=\u00bbon\u00bb align=\u00bbcenter\u00bb align_tablet=\u00bbcenter\u00bb align_phone=\u00bb\u00bb align_last_edited=\u00bbon|desktop\u00bb _builder_version=\u00bb4.7.4&#8243; background_color=\u00bbrgba(0,0,0,0)\u00bb parallax=\u00bbon\u00bb transform_scale=\u00bb84%|84%\u00bb transform_translate_linked=\u00bboff\u00bb transform_rotate=\u00bb0deg|0deg|357deg\u00bb module_alignment=\u00bbcenter\u00bb scroll_horizontal_motion=\u00bb16|34|34|70|4|0|-4&#8243; scroll_fade_enable=\u00bbon\u00bb scroll_fade=\u00bb0|47|48|100|0|100|100&#8243; scroll_scaling_enable=\u00bbon\u00bb border_radii=\u00bbon|20px|20px|20px|20px\u00bb box_shadow_style=\u00bbpreset2&#8243;][\/et_pb_image][et_pb_text _builder_version=\u00bb4.9.4&#8243; text_font=\u00bb||||||||\u00bb text_font_size=\u00bb22px\u00bb text_line_height=\u00bb2em\u00bb header_font=\u00bb||||||||\u00bb transform_scale_linked=\u00bboff\u00bb transform_translate_linked=\u00bboff\u00bb width=\u00bb100%\u00bb width_tablet=\u00bb100%\u00bb width_phone=\u00bb\u00bb width_last_edited=\u00bbon|desktop\u00bb module_alignment=\u00bbleft\u00bb custom_margin=\u00bb|-41px||||\u00bb custom_padding=\u00bb50px|0px||0px|false|false\u00bb animation_style=\u00bbfade\u00bb hover_enabled=\u00bb0&#8243; text_font_size_tablet=\u00bb\u00bb text_font_size_phone=\u00bb18px\u00bb text_font_size_last_edited=\u00bbon|tablet\u00bb text_line_height_tablet=\u00bb\u00bb text_line_height_phone=\u00bb1.7em\u00bb text_line_height_last_edited=\u00bbon|phone\u00bb sticky_enabled=\u00bb0&#8243;]<\/p>\n<p style=\"text-align: justify;\">La Fundaci\u00f3n V\u00ednculo naci\u00f3 del anhelo de Trini Ried y Andr\u00e9s Goycoolea quienes en un d\u00eda de noviembre del a\u00f1o 2015 invitaron a diferentes profesionales y amigos a sumarse a un sue\u00f1o. Si bien no todos han continuado, la gestaci\u00f3n de la Re-evoluci\u00f3n Amorista no habr\u00eda sido posible sin la pasi\u00f3n, la confianza y la gesti\u00f3n de todos aquellos a quienes nombramos a continuaci\u00f3n:<\/p>\n<p style=\"text-align: justify;\">Nombres de los fundadores: Andr\u00e9s Goycoolea, Trinidad Ried, Liliana Gonz\u00e1lez, Juan Pablo C\u00e1rcamo, Sergio Acevedo, Pilas Salas, Carlos Gonz\u00e1lez, Hugo Villena, Felipe Arredondo, Cecilia Valdivieso, Eduardo Romo, Juan Francisco Droguett, Gloria Ba\u00f1ados, Mar\u00eda Jos\u00e9 Rovira, Paulina D\u00edez, Paulina Ferrer y Mar\u00eda Jos\u00e9 Martinic.<\/p>\n<p>[\/et_pb_text][\/et_pb_column][\/et_pb_row][\/et_pb_section]<\/p>\n","protected":false},"excerpt":{"rendered":"<p>FundadoresLa Fundaci\u00f3n V\u00ednculo naci\u00f3 del anhelo de Trini Ried y Andr\u00e9s Goycoolea quienes en un d\u00eda de noviembre del a\u00f1o 2015 invitaron a diferentes profesionales y amigos a sumarse a un sue\u00f1o. Si bien no todos han continuado, la gestaci\u00f3n de la Re-evoluci\u00f3n Amorista no habr\u00eda sido posible sin la pasi\u00f3n, la confianza y la [&hellip;]<\/p>\n","protected":false},"author":3,"featured_media":0,"parent":0,"menu_order":0,"comment_status":"closed","ping_status":"closed","template":"","meta":{"_et_pb_use_builder":"on","_et_pb_old_content":"<!-- wp:divi\/placeholder \/-->","_et_gb_content_width":"","_vp_format_video_url":"","_vp_image_focal_point":[],"_joinchat":[],"footnotes":""},"class_list":["post-147","page","type-page","status-publish","hentry"],"_links":{"self":[{"href":"https:\/\/fundacionvinculo.cl\/sitio\/wp-json\/wp\/v2\/pages\/147","targetHints":{"allow":["GET"]}}],"collection":[{"href":"https:\/\/fundacionvinculo.cl\/sitio\/wp-json\/wp\/v2\/pages"}],"about":[{"href":"https:\/\/fundacionvinculo.cl\/sitio\/wp-json\/wp\/v2\/types\/page"}],"author":[{"embeddable":true,"href":"https:\/\/fundacionvinculo.cl\/sitio\/wp-json\/wp\/v2\/users\/3"}],"replies":[{"embeddable":true,"href":"https:\/\/fundacionvinculo.cl\/sitio\/wp-json\/wp\/v2\/comments?post=147"}],"version-history":[{"count":0,"href":"https:\/\/fundacionvinculo.cl\/sitio\/wp-json\/wp\/v2\/pages\/147\/revisions"}],"wp:attachment":[{"href":"https:\/\/fundacionvinculo.cl\/sitio\/wp-json\/wp\/v2\/media?parent=147"}],"curies":[{"name":"wp","href":"https:\/\/api.w.org\/{rel}","templated":true}]}}

<p>[et_pb_section fb_built=»1&#8243; admin_label=»About Me» _builder_version=»4.7.4&#8243; background_image=»https://fundacionvinculo.cl/sitio/wp-content/uploads/2021/04/fondo-nubes-damasco.jpg» background_position=»top_center» transform_scale=»98%|98%» custom_margin=»0px|0px|0px|0px|false|false» custom_padding=»0px|||0px|false|false» da_is_popup=»off» da_exit_intent=»off» da_has_close=»on» da_alt_close=»off» da_dark_close=»off» da_not_modal=»on» da_is_singular=»off» da_with_loader=»off» da_has_shadow=»on» da_disable_devices=»off|off|off»][et_pb_row custom_padding_last_edited=»off|phone» padding_top_bottom_link_1=»true» padding_left_right_link_1=»true» _builder_version=»4.7.4&#8243; background_position=»bottom_center» max_width=»80%» custom_margin=»||||false|false» custom_padding=»0px||8px|||» custom_padding_tablet=»17vw||17vw||false» use_custom_width=»on» width_unit=»off» custom_width_percent=»100%»][et_pb_column type=»4_4&#8243; _builder_version=»3.25&#8243; custom_padding=»|||» custom_padding_tablet=»60px||60px||true» custom_padding_phone=»40px||40px||true» custom_padding_last_edited=»off|phone» custom_padding__hover=»|||»][et_pb_text _builder_version=»4.9.4&#8243; _module_preset=»default» header_text_align=»center» header_2_font=»Delius||||||||» header_2_text_align=»center» header_2_text_color=»#242424&#8243; header_2_font_size=»4vw» header_3_font=»Gloria Hallelujah|300|||||||» header_3_text_color=»#ffffff» header_3_font_size=»86px» header_3_line_height=»1.2em» custom_margin=»||1px|||» custom_padding=»78px||39px||false|false» hover_enabled=»0&#8243; header_2_text_shadow_style=»preset2&#8243; header_2_text_shadow_blur_strength=»0.2em» header_2_text_shadow_color=»rgba(0,0,0,0.22)» header_3_text_shadow_style=»preset1&#8243; header_3_text_shadow_color=»rgba(0,0,0,0.25)» header_font=»Delius||||||||» header_font_last_edited=»on|desktop» header_font_size_last_edited=»on|phone» header_line_height_last_edited=»on|desktop» header_font_size=»80px» sticky_enabled=»0&#8243; header_font_size_tablet=»50px» header_font_size_phone=»36px» custom_padding_last_edited=»on|tablet» custom_margin_last_edited=»on|phone» custom_padding_phone=»20px||10px||false|false» custom_padding_tablet=»40px||20px||false|false» custom_margin_tablet=»||0px||false|false»]</p>
<h1 style="text-align: center;"><strong>Fundadores</strong></h1>
<p>[/et_pb_text][/et_pb_column][/et_pb_row][et_pb_row _builder_version=»3.25&#8243; custom_padding=»0px||64px|||» locked=»off»][et_pb_column type=»4_4&#8243; _builder_version=»3.25&#8243; custom_padding=»|||» custom_padding__hover=»|||»][et_pb_image src=»https://fundacionvinculo.cl/sitio/wp-content/uploads/2021/05/fundadores.png» title_text=»fundadores» show_in_lightbox=»on» align=»center» align_tablet=»center» align_phone=»» align_last_edited=»on|desktop» _builder_version=»4.7.4&#8243; background_color=»rgba(0,0,0,0)» parallax=»on» transform_scale=»84%|84%» transform_translate_linked=»off» transform_rotate=»0deg|0deg|357deg» module_alignment=»center» scroll_horizontal_motion=»16|34|34|70|4|0|-4&#8243; scroll_fade_enable=»on» scroll_fade=»0|47|48|100|0|100|100&#8243; scroll_scaling_enable=»on» border_radii=»on|20px|20px|20px|20px» box_shadow_style=»preset2&#8243;][/et_pb_image][et_pb_text _builder_version=»4.9.4&#8243; text_font=»||||||||» text_font_size=»22px» text_line_height=»2em» header_font=»||||||||» transform_scale_linked=»off» transform_translate_linked=»off» width=»100%» width_tablet=»100%» width_phone=»» width_last_edited=»on|desktop» module_alignment=»left» custom_margin=»|-41px||||» custom_padding=»50px|0px||0px|false|false» animation_style=»fade» hover_enabled=»0&#8243; text_font_size_tablet=»» text_font_size_phone=»18px» text_font_size_last_edited=»on|tablet» text_line_height_tablet=»» text_line_height_phone=»1.7em» text_line_height_last_edited=»on|phone» sticky_enabled=»0&#8243;]</p>
<p style="text-align: justify;">La Fundación Vínculo nació del anhelo de Trini Ried y Andrés Goycoolea quienes en un día de noviembre del año 2015 invitaron a diferentes profesionales y amigos a sumarse a un sueño. Si bien no todos han continuado, la gestación de la Re-evolución Amorista no habría sido posible sin la pasión, la confianza y la gestión de todos aquellos a quienes nombramos a continuación:</p>
<p style="text-align: justify;">Nombres de los fundadores: Andrés Goycoolea, Trinidad Ried, Liliana González, Juan Pablo Cárcamo, Sergio Acevedo, Pilas Salas, Carlos González, Hugo Villena, Felipe Arredondo, Cecilia Valdivieso, Eduardo Romo, Juan Francisco Droguett, Gloria Bañados, María José Rovira, Paulina Díez, Paulina Ferrer y María José Martinic.</p>
<p>[/et_pb_text][/et_pb_column][/et_pb_row][/et_pb_section]</p>

<p>FundadoresLa Fundación Vínculo nació del anhelo de Trini Ried y Andrés Goycoolea quienes en un día de noviembre del año 2015 invitaron a diferentes profesionales y amigos a sumarse a un sueño. Si bien no todos han continuado, la gestación de la Re-evolución Amorista no habría sido posible sin la pasión, la confianza y la [&hellip;]</p>
